{"id":1089,"date":"2026-02-27T18:10:08","date_gmt":"2026-02-27T17:10:08","guid":{"rendered":"https:\/\/prueba.termales.com.co\/termales-src\/?post_type=experiencia&#038;p=1089"},"modified":"2026-03-17T15:46:31","modified_gmt":"2026-03-17T14:46:31","slug":"experiencia-cafetera","status":"publish","type":"experiencia","link":"https:\/\/termales.com.co\/en\/experiencia\/experiencia-cafetera\/","title":{"rendered":"Coffee Experience"},"content":{"rendered":"<section class=\"section-gallery\">\n    <div class=\"container\">\n        <div class=\"row\">\n            <div class=\"col-md-6 mb-4 mb-lg-0\">\n                <div class=\"section-gallery-content\">\n                    <h2>\n                                                    <span>A Visual Journey Through the Experience<\/span>\n                                                                            that connects you to the essence of our coffee.                                            <\/h2>\n                                            <a href=\"https:\/\/termales.com.co\/en\/quienes-somos\/\" class=\"btn btn-outline-primary\">\n                            Learn more about us                            <span class=\"icon-arrow-right\"><\/span>\n                        <\/a>\n                                    <\/div>\n            <\/div>\n            <div class=\"col-md-6\">\n                <div class=\"grid\">\n                                        <a href=\"https:\/\/termales.com.co\/wp-content\/uploads\/2026\/02\/DSC05213-1-scaled.jpg\" data-fancybox=\"gallery\" class=\"grid-item\">\n                        <img decoding=\"async\" src=\"https:\/\/termales.com.co\/wp-content\/uploads\/2026\/02\/DSC05213-1-scaled.jpg\" alt=\"\" \/>\n                    <\/a>\n                                        <a href=\"https:\/\/termales.com.co\/wp-content\/uploads\/2026\/02\/DSC06558-scaled.jpg\" data-fancybox=\"gallery\" class=\"grid-item\">\n                        <img decoding=\"async\" src=\"https:\/\/termales.com.co\/wp-content\/uploads\/2026\/02\/DSC06558-scaled.jpg\" alt=\"\" \/>\n                    <\/a>\n                                        <a href=\"https:\/\/termales.com.co\/wp-content\/uploads\/2026\/02\/DSC06561-scaled.jpg\" data-fancybox=\"gallery\" class=\"grid-item\">\n                        <img decoding=\"async\" src=\"https:\/\/termales.com.co\/wp-content\/uploads\/2026\/02\/DSC06561-scaled.jpg\" alt=\"\" \/>\n                    <\/a>\n                                        <a href=\"https:\/\/termales.com.co\/wp-content\/uploads\/2026\/02\/DSC08719-scaled.jpg\" data-fancybox=\"gallery\" class=\"grid-item\">\n                        <img decoding=\"async\" src=\"https:\/\/termales.com.co\/wp-content\/uploads\/2026\/02\/DSC08719-scaled.jpg\" alt=\"\" \/>\n                    <\/a>\n                                        <a href=\"https:\/\/termales.com.co\/wp-content\/uploads\/2026\/02\/DSC08741-scaled.jpg\" data-fancybox=\"gallery\" class=\"grid-item\">\n                        <img decoding=\"async\" src=\"https:\/\/termales.com.co\/wp-content\/uploads\/2026\/02\/DSC08741-scaled.jpg\" alt=\"\" \/>\n                    <\/a>\n                                        <a href=\"https:\/\/termales.com.co\/wp-content\/uploads\/2026\/02\/DSC08745-scaled.jpg\" data-fancybox=\"gallery\" class=\"grid-item\">\n                        <img decoding=\"async\" src=\"https:\/\/termales.com.co\/wp-content\/uploads\/2026\/02\/DSC08745-scaled.jpg\" alt=\"\" \/>\n                    <\/a>\n                                    <\/div>\n            <\/div>\n        <\/div>\n\n    <\/div>\n<\/section>\n\n\n\n<p class=\"wp-block-paragraph\"><\/p>","protected":false},"featured_media":1168,"template":"","categoria":[2],"class_list":["post-1089","experiencia","type-experiencia","status-publish","has-post-thumbnail","hentry","categoria-hotel"],"acf":[],"yoast_head":"<!-- This site is optimized with the Yoast SEO plugin v27.0 - https:\/\/yoast.com\/product\/yoast-seo-wordpress\/ -->\n<title>Experiencia Cafetera: Del Grano a la Taza | Termales Santa Rosa de Cabal<\/title>\n<meta name=\"description\" content=\"Vive la cultura del caf\u00e9 en su lugar de origen. Aprende sobre el cultivo, recolecci\u00f3n y cataci\u00f3n de caf\u00e9 premium en nuestras tierras del Eje Cafetero en Termales de Santa Rosa de Cabal.\" \/>\n<meta name=\"robots\" content=\"index, follow, max-snippet:-1, max-image-preview:large, max-video-preview:-1\" \/>\n<link rel=\"canonical\" href=\"https:\/\/termales.com.co\/en\/experiencia\/experiencia-cafetera\/\" \/>\n<meta property=\"og:locale\" content=\"en_US\" \/>\n<meta property=\"og:type\" content=\"article\" \/>\n<meta property=\"og:title\" content=\"Experiencia cafetera en Santa Rosa de Cabal\" \/>\n<meta property=\"og:description\" content=\"Reserva y vive la experiencia cafetera tradicional en los Termales de Santa Rosa de Cabal\" \/>\n<meta property=\"og:url\" content=\"https:\/\/termales.com.co\/en\/experiencia\/experiencia-cafetera\/\" \/>\n<meta property=\"og:site_name\" content=\"Termales Santa Rosa de Cabal\" \/>\n<meta property=\"article:publisher\" content=\"https:\/\/www.facebook.com\/termalessantarosa\" \/>\n<meta property=\"article:modified_time\" content=\"2026-03-17T14:46:31+00:00\" \/>\n<meta property=\"og:image\" content=\"https:\/\/termales.com.co\/wp-content\/uploads\/2026\/02\/BANNER-ESPERIENCIA-CAFETERA2-scaled.jpg\" \/>\n\t<meta property=\"og:image:width\" content=\"2560\" \/>\n\t<meta property=\"og:image:height\" content=\"1067\" \/>\n\t<meta property=\"og:image:type\" content=\"image\/jpeg\" \/>\n<meta name=\"twitter:card\" content=\"summary_large_image\" \/>\n<meta name=\"twitter:title\" content=\"Experiencia cafetera en Santa Rosa de Cabal\" \/>\n<meta name=\"twitter:description\" content=\"Reserva y vive la experiencia cafetera tradicional en los Termales de Santa Rosa de Cabal\" \/>\n<meta name=\"twitter:label1\" content=\"Est. reading time\" \/>\n\t<meta name=\"twitter:data1\" content=\"1 minute\" \/>\n<script type=\"application\/ld+json\" class=\"yoast-schema-graph\">{\"@context\":\"https:\/\/schema.org\",\"@graph\":[{\"@type\":[\"WebPage\",\"ItemPage\"],\"@id\":\"https:\/\/termales.com.co\/experiencia\/experiencia-cafetera\/\",\"url\":\"https:\/\/termales.com.co\/experiencia\/experiencia-cafetera\/\",\"name\":\"Experiencia Cafetera: Del Grano a la Taza | Termales Santa Rosa de Cabal\",\"isPartOf\":{\"@id\":\"https:\/\/termales.com.co\/#website\"},\"primaryImageOfPage\":{\"@id\":\"https:\/\/termales.com.co\/experiencia\/experiencia-cafetera\/#primaryimage\"},\"image\":{\"@id\":\"https:\/\/termales.com.co\/experiencia\/experiencia-cafetera\/#primaryimage\"},\"thumbnailUrl\":\"https:\/\/termales.com.co\/wp-content\/uploads\/2026\/02\/BANNER-ESPERIENCIA-CAFETERA2-scaled.jpg\",\"datePublished\":\"2026-02-27T17:10:08+00:00\",\"dateModified\":\"2026-03-17T14:46:31+00:00\",\"description\":\"Vive la cultura del caf\u00e9 en su lugar de origen. Aprende sobre el cultivo, recolecci\u00f3n y cataci\u00f3n de caf\u00e9 premium en nuestras tierras del Eje Cafetero en Termales de Santa Rosa de Cabal.\",\"breadcrumb\":{\"@id\":\"https:\/\/termales.com.co\/experiencia\/experiencia-cafetera\/#breadcrumb\"},\"inLanguage\":\"en-US\",\"potentialAction\":[{\"@type\":\"ReadAction\",\"target\":[\"https:\/\/termales.com.co\/experiencia\/experiencia-cafetera\/\"]}]},{\"@type\":\"ImageObject\",\"inLanguage\":\"en-US\",\"@id\":\"https:\/\/termales.com.co\/experiencia\/experiencia-cafetera\/#primaryimage\",\"url\":\"https:\/\/termales.com.co\/wp-content\/uploads\/2026\/02\/BANNER-ESPERIENCIA-CAFETERA2-scaled.jpg\",\"contentUrl\":\"https:\/\/termales.com.co\/wp-content\/uploads\/2026\/02\/BANNER-ESPERIENCIA-CAFETERA2-scaled.jpg\",\"width\":2560,\"height\":1067},{\"@type\":\"BreadcrumbList\",\"@id\":\"https:\/\/termales.com.co\/experiencia\/experiencia-cafetera\/#breadcrumb\",\"itemListElement\":[{\"@type\":\"ListItem\",\"position\":1,\"name\":\"Inicio\",\"item\":\"https:\/\/termales.com.co\/\"},{\"@type\":\"ListItem\",\"position\":2,\"name\":\"Experiencia cafetera\"}]},{\"@type\":\"WebSite\",\"@id\":\"https:\/\/termales.com.co\/#website\",\"url\":\"https:\/\/termales.com.co\/\",\"name\":\"Termales Santa Rosa de Cabal\",\"description\":\"\",\"publisher\":{\"@id\":\"https:\/\/termales.com.co\/#organization\"},\"potentialAction\":[{\"@type\":\"SearchAction\",\"target\":{\"@type\":\"EntryPoint\",\"urlTemplate\":\"https:\/\/termales.com.co\/?s={search_term_string}\"},\"query-input\":{\"@type\":\"PropertyValueSpecification\",\"valueRequired\":true,\"valueName\":\"search_term_string\"}}],\"inLanguage\":\"en-US\"},{\"@type\":\"Organization\",\"@id\":\"https:\/\/termales.com.co\/#organization\",\"name\":\"Termales Santa Rosa de Cabal\",\"url\":\"https:\/\/termales.com.co\/\",\"logo\":{\"@type\":\"ImageObject\",\"inLanguage\":\"en-US\",\"@id\":\"https:\/\/termales.com.co\/#\/schema\/logo\/image\/\",\"url\":\"https:\/\/termales.com.co\/wp-content\/uploads\/2026\/02\/logo-de-la-organizacion.png\",\"contentUrl\":\"https:\/\/termales.com.co\/wp-content\/uploads\/2026\/02\/logo-de-la-organizacion.png\",\"width\":696,\"height\":696,\"caption\":\"Termales Santa Rosa de Cabal\"},\"image\":{\"@id\":\"https:\/\/termales.com.co\/#\/schema\/logo\/image\/\"},\"sameAs\":[\"https:\/\/www.facebook.com\/termalessantarosa\",\"https:\/\/www.tiktok.com\/@termalessantarosadecabal\",\"https:\/\/www.instagram.com\/termalessantarosa\"]}]}<\/script>\n<!-- \/ Yoast SEO plugin. -->","yoast_head_json":{"title":"Coffee Experience: From Bean to Cup | Santa Rosa de Cabal Hot Springs","description":"Experience coffee culture right where it all began. Learn about the cultivation, harvesting, and tasting of premium coffee on our farms in the Coffee Region, in Termales de Santa Rosa de Cabal.","robots":{"index":"index","follow":"follow","max-snippet":"max-snippet:-1","max-image-preview":"max-image-preview:large","max-video-preview":"max-video-preview:-1"},"canonical":"https:\/\/termales.com.co\/en\/experiencia\/experiencia-cafetera\/","og_locale":"en_US","og_type":"article","og_title":"Experiencia cafetera en Santa Rosa de Cabal","og_description":"Reserva y vive la experiencia cafetera tradicional en los Termales de Santa Rosa de Cabal","og_url":"https:\/\/termales.com.co\/en\/experiencia\/experiencia-cafetera\/","og_site_name":"Termales Santa Rosa de Cabal","article_publisher":"https:\/\/www.facebook.com\/termalessantarosa","article_modified_time":"2026-03-17T14:46:31+00:00","og_image":[{"width":2560,"height":1067,"url":"https:\/\/termales.com.co\/wp-content\/uploads\/2026\/02\/BANNER-ESPERIENCIA-CAFETERA2-scaled.jpg","type":"image\/jpeg"}],"twitter_card":"summary_large_image","twitter_title":"Experiencia cafetera en Santa Rosa de Cabal","twitter_description":"Reserva y vive la experiencia cafetera tradicional en los Termales de Santa Rosa de Cabal","twitter_misc":{"Est. reading time":"1 minute"},"schema":{"@context":"https:\/\/schema.org","@graph":[{"@type":["WebPage","ItemPage"],"@id":"https:\/\/termales.com.co\/experiencia\/experiencia-cafetera\/","url":"https:\/\/termales.com.co\/experiencia\/experiencia-cafetera\/","name":"Coffee Experience: From Bean to Cup | Santa Rosa de Cabal Hot Springs","isPartOf":{"@id":"https:\/\/termales.com.co\/#website"},"primaryImageOfPage":{"@id":"https:\/\/termales.com.co\/experiencia\/experiencia-cafetera\/#primaryimage"},"image":{"@id":"https:\/\/termales.com.co\/experiencia\/experiencia-cafetera\/#primaryimage"},"thumbnailUrl":"https:\/\/termales.com.co\/wp-content\/uploads\/2026\/02\/BANNER-ESPERIENCIA-CAFETERA2-scaled.jpg","datePublished":"2026-02-27T17:10:08+00:00","dateModified":"2026-03-17T14:46:31+00:00","description":"Experience coffee culture right where it all began. Learn about the cultivation, harvesting, and tasting of premium coffee on our farms in the Coffee Region, in Termales de Santa Rosa de Cabal.","breadcrumb":{"@id":"https:\/\/termales.com.co\/experiencia\/experiencia-cafetera\/#breadcrumb"},"inLanguage":"en-US","potentialAction":[{"@type":"ReadAction","target":["https:\/\/termales.com.co\/experiencia\/experiencia-cafetera\/"]}]},{"@type":"ImageObject","inLanguage":"en-US","@id":"https:\/\/termales.com.co\/experiencia\/experiencia-cafetera\/#primaryimage","url":"https:\/\/termales.com.co\/wp-content\/uploads\/2026\/02\/BANNER-ESPERIENCIA-CAFETERA2-scaled.jpg","contentUrl":"https:\/\/termales.com.co\/wp-content\/uploads\/2026\/02\/BANNER-ESPERIENCIA-CAFETERA2-scaled.jpg","width":2560,"height":1067},{"@type":"BreadcrumbList","@id":"https:\/\/termales.com.co\/experiencia\/experiencia-cafetera\/#breadcrumb","itemListElement":[{"@type":"ListItem","position":1,"name":"Inicio","item":"https:\/\/termales.com.co\/"},{"@type":"ListItem","position":2,"name":"Experiencia cafetera"}]},{"@type":"WebSite","@id":"https:\/\/termales.com.co\/#website","url":"https:\/\/termales.com.co\/","name":"Santa Rosa de Cabal Hot Springs","description":"","publisher":{"@id":"https:\/\/termales.com.co\/#organization"},"potentialAction":[{"@type":"SearchAction","target":{"@type":"EntryPoint","urlTemplate":"https:\/\/termales.com.co\/?s={search_term_string}"},"query-input":{"@type":"PropertyValueSpecification","valueRequired":true,"valueName":"search_term_string"}}],"inLanguage":"en-US"},{"@type":"Organization","@id":"https:\/\/termales.com.co\/#organization","name":"Santa Rosa de Cabal Hot Springs","url":"https:\/\/termales.com.co\/","logo":{"@type":"ImageObject","inLanguage":"en-US","@id":"https:\/\/termales.com.co\/#\/schema\/logo\/image\/","url":"https:\/\/termales.com.co\/wp-content\/uploads\/2026\/02\/logo-de-la-organizacion.png","contentUrl":"https:\/\/termales.com.co\/wp-content\/uploads\/2026\/02\/logo-de-la-organizacion.png","width":696,"height":696,"caption":"Termales Santa Rosa de Cabal"},"image":{"@id":"https:\/\/termales.com.co\/#\/schema\/logo\/image\/"},"sameAs":["https:\/\/www.facebook.com\/termalessantarosa","https:\/\/www.tiktok.com\/@termalessantarosadecabal","https:\/\/www.instagram.com\/termalessantarosa"]}]}},"_links":{"self":[{"href":"https:\/\/termales.com.co\/en\/wp-json\/wp\/v2\/experiencia\/1089","targetHints":{"allow":["GET"]}}],"collection":[{"href":"https:\/\/termales.com.co\/en\/wp-json\/wp\/v2\/experiencia"}],"about":[{"href":"https:\/\/termales.com.co\/en\/wp-json\/wp\/v2\/types\/experiencia"}],"wp:featuredmedia":[{"embeddable":true,"href":"https:\/\/termales.com.co\/en\/wp-json\/wp\/v2\/media\/1168"}],"wp:attachment":[{"href":"https:\/\/termales.com.co\/en\/wp-json\/wp\/v2\/media?parent=1089"}],"wp:term":[{"taxonomy":"categoria","embeddable":true,"href":"https:\/\/termales.com.co\/en\/wp-json\/wp\/v2\/categoria?post=1089"}],"curies":[{"name":"wp","href":"https:\/\/api.w.org\/{rel}","templated":true}]}}

<!-- This site is optimized with the Yoast SEO plugin v27.0 - https://yoast.com/product/yoast-seo-wordpress/ -->
<title>Experiencia Cafetera: Del Grano a la Taza | Termales Santa Rosa de Cabal</title>
<meta name="description" content="Vive la cultura del café en su lugar de origen. Aprende sobre el cultivo, recolección y catación de café premium en nuestras tierras del Eje Cafetero en Termales de Santa Rosa de Cabal." />
<meta name="robots" content="index, follow, max-snippet:-1, max-image-preview:large, max-video-preview:-1" />
<link rel="canonical" href="https://termales.com.co/en/experiencia/experiencia-cafetera/" />
<meta property="og:locale" content="en_US" />
<meta property="og:type" content="article" />
<meta property="og:title" content="Experiencia cafetera en Santa Rosa de Cabal" />
<meta property="og:description" content="Reserva y vive la experiencia cafetera tradicional en los Termales de Santa Rosa de Cabal" />
<meta property="og:url" content="https://termales.com.co/en/experiencia/experiencia-cafetera/" />
<meta property="og:site_name" content="Termales Santa Rosa de Cabal" />
<meta property="article:publisher" content="https://www.facebook.com/termalessantarosa" />
<meta property="article:modified_time" content="2026-03-17T14:46:31+00:00" />
<meta property="og:image" content="https://termales.com.co/wp-content/uploads/2026/02/BANNER-ESPERIENCIA-CAFETERA2-scaled.jpg" />
	<meta property="og:image:width" content="2560" />
	<meta property="og:image:height" content="1067" />
	<meta property="og:image:type" content="image/jpeg" />
<meta name="twitter:card" content="summary_large_image" />
<meta name="twitter:title" content="Experiencia cafetera en Santa Rosa de Cabal" />
<meta name="twitter:description" content="Reserva y vive la experiencia cafetera tradicional en los Termales de Santa Rosa de Cabal" />
<meta name="twitter:label1" content="Est. reading time" />
	<meta name="twitter:data1" content="1 minute" />
<script type="application/ld+json" class="yoast-schema-graph">{"@context":"https://schema.org","@graph":[{"@type":["WebPage","ItemPage"],"@id":"https://termales.com.co/experiencia/experiencia-cafetera/","url":"https://termales.com.co/experiencia/experiencia-cafetera/","name":"Experiencia Cafetera: Del Grano a la Taza | Termales Santa Rosa de Cabal","isPartOf":{"@id":"https://termales.com.co/#website"},"primaryImageOfPage":{"@id":"https://termales.com.co/experiencia/experiencia-cafetera/#primaryimage"},"image":{"@id":"https://termales.com.co/experiencia/experiencia-cafetera/#primaryimage"},"thumbnailUrl":"https://termales.com.co/wp-content/uploads/2026/02/BANNER-ESPERIENCIA-CAFETERA2-scaled.jpg","datePublished":"2026-02-27T17:10:08+00:00","dateModified":"2026-03-17T14:46:31+00:00","description":"Vive la cultura del café en su lugar de origen. Aprende sobre el cultivo, recolección y catación de café premium en nuestras tierras del Eje Cafetero en Termales de Santa Rosa de Cabal.","breadcrumb":{"@id":"https://termales.com.co/experiencia/experiencia-cafetera/#breadcrumb"},"inLanguage":"en-US","potentialAction":[{"@type":"ReadAction","target":["https://termales.com.co/experiencia/experiencia-cafetera/"]}]},{"@type":"ImageObject","inLanguage":"en-US","@id":"https://termales.com.co/experiencia/experiencia-cafetera/#primaryimage","url":"https://termales.com.co/wp-content/uploads/2026/02/BANNER-ESPERIENCIA-CAFETERA2-scaled.jpg","contentUrl":"https://termales.com.co/wp-content/uploads/2026/02/BANNER-ESPERIENCIA-CAFETERA2-scaled.jpg","width":2560,"height":1067},{"@type":"BreadcrumbList","@id":"https://termales.com.co/experiencia/experiencia-cafetera/#breadcrumb","itemListElement":[{"@type":"ListItem","position":1,"name":"Inicio","item":"https://termales.com.co/"},{"@type":"ListItem","position":2,"name":"Experiencia cafetera"}]},{"@type":"WebSite","@id":"https://termales.com.co/#website","url":"https://termales.com.co/","name":"Termales Santa Rosa de Cabal","description":"","publisher":{"@id":"https://termales.com.co/#organization"},"potentialAction":[{"@type":"SearchAction","target":{"@type":"EntryPoint","urlTemplate":"https://termales.com.co/?s={search_term_string}"},"query-input":{"@type":"PropertyValueSpecification","valueRequired":true,"valueName":"search_term_string"}}],"inLanguage":"en-US"},{"@type":"Organization","@id":"https://termales.com.co/#organization","name":"Termales Santa Rosa de Cabal","url":"https://termales.com.co/","logo":{"@type":"ImageObject","inLanguage":"en-US","@id":"https://termales.com.co/#/schema/logo/image/","url":"https://termales.com.co/wp-content/uploads/2026/02/logo-de-la-organizacion.png","contentUrl":"https://termales.com.co/wp-content/uploads/2026/02/logo-de-la-organizacion.png","width":696,"height":696,"caption":"Termales Santa Rosa de Cabal"},"image":{"@id":"https://termales.com.co/#/schema/logo/image/"},"sameAs":["https://www.facebook.com/termalessantarosa","https://www.tiktok.com/@termalessantarosadecabal","https://www.instagram.com/termalessantarosa"]}]}</script>
<!-- / Yoast SEO plugin. -->
